 factor of 11605859?
False
Does 2374 divide 488896812?
True
Is 10 a factor of 5258310?
True
Does 65 divide 7826770?
False
Does 1731 divide 280632527?
False
Is 458073135 a multiple of 24?
False
Is 934233705 a multiple of 15?
True
Does 41 divide 23171037?
False
Does 49 divide 241155903?
False
Does 12 divide 50382464?
False
Does 630 divide 16392600?
True
Is 7 a factor of 14385212?
False
Does 52 divide 832400920?
True
Is 16747877 a multiple of 5?
False
Is 12190801 a multiple of 3?
False
Does 140 divide 719324?
False
Is 7739499 even?
False
Is 11 a factor of 255026269?
False
Is 2143465 a multiple of 1520?
False
Is 141 a factor of 816998?
False
Is 1745166 a multiple of 206?
False
Does 680 divide 4602061?
False
Is 40123836 a multiple of 504?
False
Does 2468 divide 12850561?
False
Is 87 a factor of 36471259?
False
Does 206 divide 357723120?
True
Does 3 divide 9098399?
False
Is 6129 a factor of 1277099730?
True
Is 47 a factor of 133347178?
True
Is 304 a factor of 92111128?
False
Does 30 divide 6057971940?
True
Does 2103 divide 4185399012?
True
Does 274 divide 9964284?
True
Is 2366 a factor of 166535642?
True
Is 88 a factor of 137973176?
True
Is 22 a factor of 124130777?
False
Is 1956573696 a multiple of 256?
True
Does 305 divide 248676?
False
Is 93 a factor of 102555739?
False
Does 652 divide 16790700?
False
Is 186 a factor of 199271804?
False
Does 300 divide 1255800?
True
Does 1755 divide 182698942?
False
Does 39 divide 4156115808?
True
Is 286 a factor of 487770426?
True
Is 21332080 a multiple of 290?
False
Is 1198668174 a multiple of 33?
True
Does 627 divide 166314612?
False
Is 1616121234 a multiple of 5?
False
Is 93979984 a multiple of 60?
False
Is 1360 a factor of 38498483?
False
Does 14 divide 2126861394?
True
Is 43484141 a multiple of 19?
True
Is 298498769 a multiple of 122?
False
Does 50 divide 747589437?
False
Is 2925235831 a multiple of 889?
True
Is 15 a factor of 1273082064?
False
Does 820 divide 295709347?
False
Is 567090860 a multiple of 2905?
True
Is 35 a factor of 68829112?
False
Is 96 a factor of 31959143?
False
Does 28 divide 33703280?
False
Is 346 a factor of 161581308?
True
Is 152455 even?
False
Does 201 divide 109676253?
True
Is 295969437 a multiple of 20?
False
Is 1097 a factor of 10760473?
True
Is 901359 a multiple of 402?
False
Does 11 divide 673541462?
True
Is 6 a factor of 3078526?
False
Does 354 divide 186433038?
True
Does 35 divide 18007082?
False
Does 1820 divide 71827652?
False
Is 32016262 a multiple of 3958?
True
Is 47482600 a multiple of 3748?
False
Does 44 divide 23871408?
True
Does 163 divide 248864488?
True
Does 2759 divide 935094075?
True
Is 8 a factor of 55766081?
False
Is 347 a factor of 22061566?
True
Is 121691616 a multiple of 412?
True
Does 12 divide 22255681?
False
Is 1223669515 a multiple of 10?
False
Is 1400458636 a multiple of 1006?
True
Does 346 divide 984574140?
True
Is 270 a factor of 17242837?
False
Does 5 divide 1745146094?
False
Does 10 divide 1475246337?
False
Does 65 divide 6951672?
False
Does 729 divide 2257281966?
False
Does 4437 divide 9712593?
True
Does 15 divide 55397400?
True
Does 1950 divide 101456256?
False
Is 9511020 a multiple of 228?
True
Is 34 a factor of 328944934?
True
Is 60474150 a multiple of 11?
True
Is 16 a factor of 617802712?
False
Is 184 a factor of 77637696?
True
Is 73051885 a multiple of 80?
False
Does 3780 divide 7751301078?
False
Is 114 a factor of 209825892?
True
Does 820 divide 2532883254?
False
Is 145 a factor of 6543954919?
False
Is 598355988 a multiple of 750?
False
Is 648 a factor of 3022272?
True
Is 48737249 a multiple of 1263?
False
Is 25418762 a multiple of 19?
False
Does 1766 divide 797349639?
False
Is 537 a factor of 2551757?
False
Does 17 divide 287905557?
True
Is 10 a factor of 37931780?
True
Is 3420 a factor of 152080560?
True
Is 3056695639 a multiple of 137?
True
Is 38717220 a multiple of 1355?
False
Is 41 a factor of 13269322?
True
Is 3051 a factor of 907613075?
False
Is 587965776 a multiple of 1956?
True
Is 4429 a factor of 714238256?
True
Is 1744892 a multiple of 198?
False
Does 7 divide 1365718?
False
Is 304647679 a multiple of 18?
False
Is 348 a factor of 1095439620?
True
Is 10 a factor of 3027845?
False
Does 206 divide 72328998?
False
Is 23712808 a multiple of 28?
True
Is 6 a factor of 21103572?
True
Is 24 a factor of 789384888?
True
Is 16 a factor of 13748688?
True
Is 8976352 a multiple of 308?
True
Is 1257 a factor of 283786605?
True
Does 12 divide 1952614?
False
Is 6526676 a multiple of 212?
False
Does 1040 divide 92551633?
False
Is 33 a factor of 1350702644?
False
Does 4 divide 5068578?
False
Does 82 divide 114242072?
True
Is 1641545796 a multiple of 33?
True
Is 28 a factor of 175910644?
True
Is 5707617465 a multiple of 611?
False
Does 187 divide 39038172?
False
Is 232 a factor of 13852952?
True
Is 464530264 a multiple of 653?
False
Is 244 a factor of 5015420?
True
Is 194056337 a multiple of 105?
False
Is 75854830 a multiple of 155?
True
Does 203 divide 32055630?
False
Is 45243068 a multiple of 5?
False
Is 24 a factor of 2446402440?
True
Is 1405675155 a multiple of 15?
True
Is 44 a factor of 46887990?
False
Is 161933814 a multiple of 126?
True
Does 5 divide 89461540?
True
Is 25338653 a multiple of 18?
False
Is 202824 a multiple of 5?
False
Is 61168483 a multiple of 379?
False
Is 152 a factor of 284568776?
True
Is 566999849 a multiple of 5?
False
Is 26398629 a multiple of 81?
True
Is 259192600 a multiple of 8?
True
Is 279854582 a multiple of 2842?
True
Is 2675966611 a multiple of 605?
False
Is 8 a factor of 400691016?
True
Is 48 a factor of 105167616?
True
Is 23399614 a multiple of 394?
False
Is 16 a factor of 35573879?
False
Is 30 a factor of 95372342?
False
Is 135137091 a multiple of 93?
True
Does 34 divide 3990410?
True
Is 29634823 a multiple of 42?
False
Is 311903304 a multiple of 24?
True
Is 55 a factor of 123724150?
True
Is 439 a factor of 387563248?
True
Is 160280576 a multiple of 2048?
True
Is 17 a factor of 1555007?
True
Is 1655 a factor of 369339580?
False
Is 2873 a factor of 130690201?
False
Is 15 a factor of 405250425?
True
Does 106 divide 261187286?
True
Is 25 a factor of 737589175?
True
Does 296 divide 45982702?
False
Is 83 a factor of 281880836?
False
Does 66 divide 318120858?
True
Is 333760509 a multiple of 102?
False
Is 342468351 a multiple of 53?
True
Does 205 divide 114788930?
True
Is 450 a factor of 8911372?
False
Does 15 divide 2413456110?
True
Is 37111288 a multiple of 1258?
False
Is 43970535 a multiple of 63?
True
Is 21 a factor of 594904631?
False
Is 205 a factor of 59487531?
False
Is 35 a factor of 43472135?
True
Does 276 divide 18704185?
False
Is 184 a factor of 2211300?
False
Is 3768962 a multiple of 302?
False
Is 9116177 a multiple of 28?
False
Is 574097 even?
False
Is 3608068702 a multiple of 9?
False
Is 5295085796 a multiple of 364?
True
Is 101 a factor of 13222112?
True
Is 593 a factor of 245565?
False
Is 1378 a factor of 41386852?
True
Does 29 divide 24893453?
False
Is 6946 a factor of 249771214?
True
Is 29915577 a multiple of 8?
False
Is 11357145 a multiple of 67?
False
Is 205984986 a multiple of 514?
True
Does 114 divide 1761583780?
False
Is 13 a factor of 132993848?
True
Is 33889042 a multiple of 27?
False
Is 7771768687 a multiple of 13?
False
Is 24040593 a multiple of 1791?
True
Is 41805630 a multiple of 90?
True
Is 11 a factor of 38673398?
False
Does 30 divide 2586241572?
False
Does 146 divide 17067198?
False
Is 45688155 a multiple of 152?
False
Is 432 a factor of 103168944?
True
Is 7034739393 a multiple of 12?
False
Is 385 a factor of 91463525?
False
Does 4 divide 201553293?
False
Is 477 a factor of 214739676?
True
Is 24429403 a multiple of 6?
False
Is 114117086 even?
True
Does 151 divide 73009640?
False
Is 492298768 a multiple of 1378?
True
Is 1877048000 a multiple of 265?
True
Is 111042492 a multiple of 19?
False
Does 19 divide 3987284881?
True
Does 3 divide 1595337?
True
Is 7580288 a multiple of 92?
False
Does 537 divide 177453133?
False
Is 4556 a factor of 249437123?
False
Is 517051696 a multiple of 56?
True
Is 103 a factor of 1067971475?
False
Is 12061049 a multiple of 13?
True
Is 6 a factor of 20257374?
True
Is 35175158 a multiple of 313?
False
Does 6 divide 27069239?
False
Does 1494 divide 26177868?
True
D